
11012001202000200
In base 8, what is -4 + 4415032?
4415026
In base 9, what is -4 - 175846684?
-175846688
In base 2, what is 1011011110011000010001101110 + -10?
1011011110011000010001101100
In base 8, what is -155261 - -1406?
-153653
In base 15, what is 39324 - -a6?
393ca
In base 15, what is -142 + -294bb?
-2960d
In base 2, what is 101001110000110110 - 1000000110?
101001101000110000
In base 8, what is 4447 + -1267041?
-1262372
In base 15, what is -5a201b3 - 11?
-5a201c4
In base 3, what is -2120 - 10121112002?
-10121121122
In base 11, what is -10790 - -7998?
-38a3
In base 16, what is -9a3be - 36?
-9a3f4
In base 4, what is 23030033 - -210311?
23301010
In base 14, what is 15d5 + 52dc?
68d3
In base 12, what is 329b61 - 0?
329b61
In base 3, what is -2 + -112022012010112?
-112022012010121
In base 12, what is -75b829 - 1a?
-75b847
In base 3, what is 1011000101200012 - -12?
1011000101200101
In base 5, what is 131 - 3203343323?
-3203343142
In base 9, what is -62240 + -736?
-63076
In base 16, what is 821d6c + -4?
821d68
In base 7, what is 122625 - -336?
123264
In base 7, what is 41 - -42064054?
42064125
In base 4, what is 1132101 + 103302202?
111100303
In base 8, what is 10 - -30506536?
30506546
In base 2, what is -10010100110010101000011010 + 10?
-10010100110010101000011000
In base 12, what is -534143 - 42?
-534185
In base 13, what is -98 - -11014?
10c49
In base 12, what is 18b32 + 1aa?
19120
In base 2, what is -1100010110011110101101 - 1111?
-1100010110011110111100
In base 12, what is 108b021 - 4?
108b019
In base 4, what is -1 + 1003030103102?
1003030103101
In base 7, what is -4441 - 5043?
-12514
In base 3, what is -1 + 2212101211210012?
2212101211210011
In base 12, what is 243090848 - 4?
243090844
In base 4, what is -23212030211 - 2322?
-23212033133
In base 8, what is 37576 + -6255?
31321
In base 2, what is 1100110100011 + -1010111110?
1011011100101
In base 4, what is 1110010220 + -1?
1110010213
In base 9, what is 53 - -367167?
367231
In base 12, what is 4 + -b993a7b?
-b993a77
In base 6, what is -10 - -21044451254?
21044451244
In base 13, what is 26806760 + -5?
26806758
In base 3, what is -111221011220202 + -1?
-111221011220210
In base 9, what is -8125153 - 40?
-8125203
In base 4, what is 11 - -10112320010112?
10112320010123
In base 11, what is -38009 - -118?
-379a1
In base 3, what is 11220121000010200 - -1?
11220121000010201
In base 15, what is 1870e - 1470?
1728e
In base 3, what is -12 - -20112210221100202?
20112210221100120
In base 10, what is -25465 + -2744?
-28209
In base 13, what is 1a6178c6 + -4?
1a6178c2
In base 6, what is -1130451 + 11004?
-1115443
In base 11, what is -17a25a + 86?
-17a184
In base 6, what is 0 + 21510355?
21510355
In base 2, what is 1 + -101000111101100110011?
-101000111101100110010
In base 13, what is -48 + 7a785?
7a73a
In base 7, what is -5 - -61554260?
61554252
In base 2, what is -1 + 11000001110111010111011011?
11000001110111010111011010
In base 8, what is -71225475 + 3?
-71225472
In base 16, what is -43c03e - b?
-43c049
In base 5, what is -4324 + 40421?
31042
In base 2, what is 101110010000010101011101000011 - 101?
101110010000010101011100111110
In base 14, what is -337b9 - d18?
-346d3
In base 5, what is -100 + 32121433?
32121333
In base 2, what is 1110010011010000 - 101001101000?
1101101001101000
In base 11, what is -235 - a6a56?
-a7190
In base 13, what is 866b332 - 1?
866b331
In base 16, what is ab2 - b101?
-a64f
In base 13, what is 69 - 3977?
-390b
In base 11, what is -3 - a3507458?
-a3507460
In base 4, what is 11 - -13102131022?
13102131033
In base 7, what is -2 + -16654622?
-16654624
In base 8, what is 14352351 + -150?
14352201
In base 11, what is 1086208 + 201?
1086409
In base 2, what is 110001110 + -1000101010100010?
-1000100100010100
In base 16, what is -133fc0e - b?
-133fc19
In base 12, what is 6 - -bb91664?
bb9166a
In base 15, what is 1e1 - 1ab0?
-18be
In base 8, what is 11414 - -3467?
15103
In base 12, what is -5 - 180b66?
-180b6b
In base 9, what is -21058632 - 37?
-21058670
In base 2, what is -100101011101110110101001 + 0?
-100101011101110110101001
In base 15, what is -428 + -b292?
-b6ba
In base 7, what is -3 + -203324344?
-203324350
In base 10, what is -10854050 + -62?
-10854112
In base 10, what is 18 + -319042?
-319024
In base 12, what is 41 - -24001?
24042
In base 6, what is 101251 - 310?
100541
In base 5, what is 2334 + 4102233?
4110122
In base 14, what is -40bb5 - -83?
-40b32
In base 13, what is -334a99 + 26a?
-33482c
In base 13, what is 32c + 2574?
28a3
In base 5, what is -20314401 + -120323?
-20440224
In base 8, what is 5465565 - 6?
5465557
In base 4, what is 32213 - -101202110?
101300323
In base 2, what is 1001001001110011000 - -1000000?
1001001001111011000
In base 3, what is -11 + -2001001021201?
-2001001021212
In base 5, what is -242 - -10304100?
10303303
In base 14, what is 108 + 177182?
17728a
In base 2, what is -110110101 - -100101100011111?
100100101101010
In base 5, what is 3 - -1322140041?
1322140044
In base 15, what is 72d20 + -6?
72d19
In base 4, what is -13020 + 313322311?
313303231
In base 4, what is -312211113233 - 301?
-312211120200
In base 13, what is 2 - 4a0616?
-4a0614
In base 10, what is -34623 - 244?
-34867
In base 15, what is -28a9e4d - -4?
-28a9e49
In base 3, what is -121120 + -211200102?
-212021222
In base 10, what is -51342 - -14?
-51328
In base 2, what is -101110010 + 1000010101100?
111100111010
In base 9, what is -45428 + 3085?
-42333
In base 12, what is -130aa + 286?
-12a24
In base 3, what is 101221 - -21022112020?
21022221011
In base 11, what is -5 - 3704336?
-3704340
In base 9, what is 7 + -2774716?
-2774708
In base 9, what is -1257 + 4405?
3137
In base 5, what is -10403431 - -3302?
-10400124
In base 13, what is 15 - b3bc22?
-b3bc0a
In base 5, what is -403110 + 4432?
-343123
In base 6, what is 22332231 + 450?
22333121
In base 4, what is 331022031 + 11?
331022102
In base 12, what is -9 - -25b032?
25b025
In base 10, what is 82437766 - 4?
82437762
In base 3, what is -110021112010 - 201?
-110021112211
In base 5, what is -134 - 324033213?
-324033402
In base 16, what is -1 + f9ee3?
f9ee2
In base 14, what is -58 + -b869d?
-b8717
In base 9, what is 21 + -71700?
-71668
In base 5, what is 113012230 - -2012?
113014242
In base 9, what is -5713723 + 6?
-5713716
In base 15, what is -7d2 - -11e0c?
1162a
In base 4, what is -12131111211 - 12?
-12131111223
In base 2, what is 10 - 10001000001000011011101?
-10001000001000011011011
In base 11, what is 1 - -65a09a?
65a0a0
In base 12, what is -50b14b6 + -2?
-50b14b8
In base 16, what is 2 + 28661f?
286621
In base 4, what is -2 - -12331032210300?
12331032210232
In base 9, what is -7058640 - 3?
-7058643
In base 2, what is 1101010101011010010101111 + 101?
1101010101011010010110100
In base 4, what is -3300 + 111131203?
111121303
In base 14, what is -13d8c0 - -9?
-13d8b5
In base 8, what is 4617 - -366?
5205
In base 2, what is 10010001110010 + 110111?
10010010101001
In base 16, what is 28d72e4 - -3?
28d72e7
In base 4, what is 302300 - 1013222?
-110322
In base 15, what is 5ae2 + -3c5?
571c
In base 14, what is -1212 - 74a0?
-86b2
In base 13, what is 0 - 4b2589a?
-4b2589a
In base 16, what is -2bfe2 + d2?
-2bf10
In base 10, what is 43 - 364607?
-364564
In base 16, what is -4 + 2d1611?
2d160d
In base 7, what is 12426240 - 24?
12426213
In base 12, what is 326801 + 2?
326803
In base 14, what is 4707 + -315?
43d2
In base 10, what is 109584774 - -3?
109584777
In base 5, what is -12012312 - 244?
-12013111
In base 3, what is -2122012220110102 + 20?
-2122012220110012
In base 4, what is -3203120032020 + -12?
-3203120032032
In base 4, what is -33313 + -22000110?
-22100023
In base 15, what is -b55 + 55?
-b00
In base 2, what is 101110011111111 + 1000001010?
101111100001001
In base 11, what is 11081a940 + 2?
11081a942
In base 5, what is 10 + 211411122?
211411132
In base 8, what is 13 - -6424241?
6424254
In base 14, what is 19d23d5 - -6?
19d23db
In base 5, what is 0 + 130231121430?
130231121430
In base 4, what is 1 + 132112002302?
132112002303
In base 3, what is 110211 - 1012021111?
-1011210200
In base 11, what is 635 - -1750?
2285
In base 13, what is -811 - 261a7?
-269b8
In base 10, what is 3048 + -189?
2859
In base 3, what is -1211 + 102002001101?
102001222120
In